factor of 1367735 and 2465.
85
Calculate the highest common divisor of 68808 and 1999092.
732
Calculate the highest common divisor of 457542 and 10878.
222
What is the highest common factor of 62 and 80581245?
31
Calculate the highest common factor of 6014 and 1772384.
194
Calculate the greatest common factor of 5843626 and 11632.
1454
What is the highest common divisor of 2300 and 5985100?
100
Calculate the greatest common factor of 88276 and 6989.
29
Calculate the greatest common factor of 261114 and 2688.
42
Calculate the greatest common factor of 360 and 28894032.
72
What is the highest common divisor of 2728 and 1758320?
248
What is the highest common factor of 5524728 and 216?
24
Calculate the greatest common divisor of 984852 and 147906.
594
What is the greatest common factor of 24481137 and 9?
3
Calculate the highest common divisor of 89933480 and 21080.
1240
What is the highest common divisor of 62 and 167575987?
31
Calculate the greatest common divisor of 175 and 582715.
35
What is the highest common divisor of 67 and 20931872?
67
What is the highest common factor of 1005 and 713775?
15
What is the greatest common factor of 1327764 and 1500?
12
Calculate the greatest common divisor of 820939 and 49979.
23
What is the highest common divisor of 9911000 and 2057?
187
What is the highest common factor of 59396 and 139500?
124
What is the greatest common factor of 21 and 246772848?
21
What is the greatest common divisor of 30464 and 2273792?
256
What is the greatest common divisor of 87 and 19218909?
87
What is the greatest common factor of 1915780 and 8780?
20
Calculate the highest common divisor of 27 and 57704769.
9
Calculate the highest common divisor of 1588472 and 4984.
712
Calculate the highest common factor of 25285 and 52633645.
1945
Calculate the greatest common factor of 1855559 and 268888.
1159
Calculate the highest common factor of 238125 and 275.
25
What is the greatest common divisor of 961 and 751552933?
961
What is the greatest common divisor of 2917568 and 3648?
64
What is the highest common divisor of 44368140 and 2740?
20
Calculate the highest common factor of 1218 and 408786.
42
What is the highest common divisor of 302824845 and 270?
135
Calculate the greatest common factor of 82 and 241064.
2
What is the highest common factor of 179428 and 58900?
124
What is the greatest common factor of 220 and 3375845?
55
What is the highest common factor of 48 and 221337?
3
What is the greatest common divisor of 5600 and 544950?
350
Calculate the highest common divisor of 17909548 and 848.
212
Calculate the highest common divisor of 31672 and 76832.
8
Calculate the greatest common divisor of 2232 and 703510776.
2232
Calculate the highest common factor of 30380 and 623280.
980
What is the highest common divisor of 114 and 21127677?
57
Calculate the highest common divisor of 88 and 513892544.
88
What is the highest common divisor of 17934688 and 416?
32
What is the highest common divisor of 31135977 and 3636?
909
What is the highest common factor of 2655436641 and 34914?
17457
Calculate the greatest common divisor of 13347 and 579864864.
4449
Calculate the highest common factor of 89548784 and 1003.
59
Calculate the highest common factor of 17205853 and 103904.
3247
What is the greatest common divisor of 73334 and 138158?
74
What is the greatest common divisor of 5898822 and 852?
426
What is the greatest common factor of 32595372 and 43956?
3996
Calculate the highest common factor of 14008 and 1924864.
824
What is the highest common factor of 241255 and 2112535?
565
What is the greatest common divisor of 730 and 3548822?
146
What is the greatest common divisor of 1272 and 18662424?
24
What is the greatest common divisor of 65 and 32759675?
65
Calculate the highest common divisor of 1464890 and 960.
10
What is the greatest common factor of 2367 and 5486103?
9
What is the greatest common factor of 1088521 and 44367?
23
What is the highest common divisor of 12317760 and 19270?
470
Calculate the greatest common factor of 2896 and 1067424.
16
What is the highest common factor of 12347090 and 8?
2
What is the greatest common divisor of 14140 and 880?
20
Calculate the highest common factor of 1501506 and 261.
9
Calculate the highest common factor of 8412 and 108176217.
2103
Calculate the highest common factor of 939272718 and 6.
6
Calculate the highest common factor of 333 and 20631126.
111
What is the greatest common factor of 37624056 and 1756?
1756
What is the highest common factor of 9015 and 19952599?
601
Calculate the greatest common factor of 93 and 4239622.
31
Calculate the greatest common divisor of 38855 and 1096120.
2045
What is the greatest common divisor of 4671 and 57873171?
519
What is the greatest common factor of 6164452 and 259?
7
Calculate the highest common divisor of 3811 and 14176199.
103
Calculate the highest common divisor of 8280600 and 15096.
888
Calculate the highest common divisor of 11590803 and 1953.
63
Calculate the greatest common factor of 816130 and 8455.
445
Calculate the greatest common divisor of 60 and 26003865.
15
What is the greatest common factor of 48 and 69282396?
12
What is the highest common factor of 6805 and 22735505?
6805
Calculate the highest common divisor of 308720 and 30736.
272
What is the highest common divisor of 7502 and 17794?
62
What is the greatest common factor of 417708 and 32828?
1132
Calculate the greatest common divisor of 29032203 and 298.
149
What is the highest common divisor of 17999822 and 4276?
2138
Calculate the greatest common factor of 67352 and 16.
8
What is the greatest common factor of 55965964 and 796?
796
Calculate the greatest common factor of 2904088 and 1623.
541
What is the greatest common factor of 6822 and 297176553?
3411
Calculate the highest common divisor of 252 and 100691172.
36
Calculate the greatest common factor of 8476 and 4742036.
52
Calculate the greatest common factor of 26380 and 643180.
20
Calculate the greatest common divisor of 70716 and 20667.
249
Calculate the greatest common factor of 86058 and 8589.
21
What is the highest common divisor of 47 and 3980336?
47
Calculate the greatest common factor of 2688 and 10368624.
336
Calculate the highest common divisor of 5512 and 139482538.
1378
What is the greatest common factor of 155 and 29812762?
31
Calculate the highest common factor of 15559144 and 1563.
521
Calculate the highest common factor of 2680468 and 196.
28
What is the highest common factor of 27881 and 183407?
49
What is the highest common factor of 5669458 and 2?
2
Calculate the highest common divisor of 280379 and 6392485.
781
Calculate the highest common factor of 121150 and 350.
50
Calculate the greatest common divisor of 983164 and 9620.
1924
Calculate the highest common divisor of 565 and 16150.
5
Calculate the greatest common factor of 1119177 and 329148.
369
Calculate the highest common factor of 1214366576 and 1039.
1039
Calculate the greatest common divisor of 16642032 and 4224.
528
Calculate the highest common factor of 25691 and 817604.
23
Calculate the greatest common factor of 38 and 332020478.
38
What is the highest common factor of 3041528364 and 28?
28
Calculate the greatest common divisor of 1189084 and 116094.
3518
Calculate the highest common factor of 168 and 2586654.
42
Calculate the highest common factor of 4399 and 3258211729.
4399
Calculate the greatest common divisor of 25479 and 11934453.
447
Calculate the greatest common divisor of 221589655 and 35.
35
Calculate the highest common divisor of 1868568 and 13962.
78
Calculate the greatest common factor of 409095 and 765.
45
Calculate the highest common divisor of 471162 and 5643.
57
Calculate the highest common factor of 3277 and 133792.
113
Calculate the highest common factor of 33 and 1305663.
3
Calculate the highest common divisor of 3400 and 77299.
17
What is the highest common divisor of 114220 and 2060?
20
Calculate the highest common factor of 14575167 and 9.
9
Calculate the greatest common divisor of 6238570 and 7215.
2405
Calculate the highest common divisor of 792513 and 66432.
519
Calculate the highest common divisor of 7140200 and 1140.
380
Calculate the highest common factor of 3511052 and 1208.
604
Calculate the highest common factor of 43 